 16
11f
Convert 1031203 (base 4) to base 8.
11543
What is -200 (base 7) in base 13?
-77
Convert 121211 (base 5) to base 9.
6222
What is -1043413 (base 6) in base 5?
-3141031
-3034 (base 6) to base 11
-55a
What is 1535 (base 8) in base 10?
861
Convert -953e (base 15) to base 9.
-47255
What is 14604 (base 7) in base 14?
16ab
What is 10402 (base 5) in base 13?
43c
Convert -122 (base 11) to base 16.
-91
Convert -12231 (base 4) to base 16.
-1ad
315420 (base 6) to base 8
62404
3829 (base 11) to base 5
124432
-5510 (base 11) to base 6
-53355
-113300 (base 4) to base 16
-5f0
Convert 1313103 (base 4) to base 7.
31155
Convert 104201 (base 5) to base 13.
189a
Convert -58 (base 14) to base 6.
-210
34113 (base 5) to base 2
100101101000
What is 101103 (base 4) in base 9?
1460
What is 255 (base 8) in base 11?
148
Convert 23213010 (base 4) to base 6.
1004100
What is 103414 (base 6) in base 12?
4b6a
What is caa2 (base 13) in base 4?
12320122
-4040 (base 14) to base 13
-5038
What is -138 (base 12) in base 16?
-bc
bac (base 15) to base 7
10455
Convert -1602 (base 8) to base 6.
-4054
-4a6 (base 11) to base 5
-4400
Convert -11001 (base 4) to base 6.
-1253
17ac2 (base 15) to base 13
28b98
What is -1351 (base 9) in base 5?
-13033
34243 (base 5) to base 2
100110010000
Convert -112222221 (base 3) to base 9.
-15887
202027 (base 8) to base 6
1232131
213 (base 15) to base 8
724
What is 10000110000 (base 2) in base 8?
2060
Convert 261 (base 10) to base 14.
149
-120323 (base 4) to base 14
-81d
Convert -10010001 (base 2) to base 16.
-91
What is 186 (base 14) in base 15?
15e
-511 (base 6) to base 13
-115
4b0 (base 13) to base 5
11234
-4b8 (base 15) to base 8
-2061
-100001111101 (base 2) to base 11
-16a6
210222 (base 4) to base 9
3186
Convert -944d (base 15) to base 2.
-111101001110100
-211112 (base 3) to base 5
-4413
What is 341 (base 9) in base 4?
10120
Convert 1862 (base 16) to base 15.
1cb2
What is 1730 (base 8) in base 5?
12414
What is -522111 (base 6) in base 7?
-233203
5525 (base 9) to base 13
1b14
Convert 5227 (base 8) to base 15.
c0b
Convert -1876 (base 14) to base 12.
-2680
-5e1b (base 16) to base 4
-11320123
217 (base 11) to base 16
104
What is 16b2 (base 12) in base 8?
5246
What is 220 (base 7) in base 16?
70
Convert -b0 (base 15) to base 9.
-203
What is 1098 (base 12) in base 15?
82e
Convert 70055 (base 10) to base 13.
25b6b
What is -111100101011110 (base 2) in base 13?
-111b0
Convert -12 (base 15) to base 6.
-25
What is 211311 (base 4) in base 13?
1143
Convert -440122 (base 5) to base 8.
-35275
1011100101110110 (base 2) to base 6
1003450
Convert -158 (base 16) to base 5.
-2334
Convert 3d3 (base 16) to base 13.
5a4
What is -12000 (base 6) in base 7?
-5016
Convert -61135 (base 8) to base 9.
-37478
Convert -100111022 (base 3) to base 2.
-1101100001000
What is -221020 (base 3) in base 5?
-10211
Convert -102545 (base 6) to base 14.
-30d3
13b (base 12) to base 4
2333
Convert 100100001111 (base 2) to base 7.
6522
433232 (base 6) to base 5
2120412
Convert 363a (base 11) to base 8.
11232
What is -9ebc (base 15) in base 11?
-23359
Convert 33156 (base 7) to base 11.
6286
What is 103115 (base 8) in base 2?
1000011001001101
Convert 406 (base 8) to base 14.
14a
What is 35423 (base 7) in base 4?
2032223
3a39 (base 16) to base 12
8761
-1676 (base 9) to base 5
-20114
What is 22021 (base 3) in base 9?
267
Convert 4798 (base 12) to base 16.
1f64
What is -34749 (base 12) in base 13?
-25c3b
What is 2011 (base 10) in base 16?
7db
What is -82c (base 13) in base 10?
-1390
Convert 803 (base 10) to base 9.
1082
Convert 1115021 (base 6) to base 11.
39766
What is -417 (base 16) in base 4?
-100113
What is -1403 (base 8) in base 9?
-1046
What is 1261d (base 15) in base 4?
32112001
What is -4123 (base 5) in base 4?
-20122
1140 (base 7) to base 12
2b0
Convert 706 (base 11) to base 10.
853
Convert -13153 (base 8) to base 2.
-1011001101011
What is -184 (base 11) in base 2?
-11010101
Convert -19b49 (base 14) to base 3.
-10022121202
Convert 1010010001100 (base 2) to base 6.
40204
1a9 (base 13) to base 3
102102
What is -406 (base 11) in base 13?
-2b9
1166 (base 10) to base 15
52b
What is 211a (base 12) in base 5?
103442
111010001 (base 2) to base 8
721
What is 174 (base 15) in base 12?
23a
What is -503 (base 12) in base 6?
-3203
Convert 204030 (base 7) to base 10.
35007
34d1 (base 15) to base 11
8481
Convert -4e05 (base 16) to base 13.
-9125
Convert -420 (base 13) to base 3.
-222000
Convert 1011221211 (base 3) to base 14.
86c0
Convert -333 (base 13) to base 4.
-20211
Convert -396 (base 10) to base 13.
-246
Convert 10110001110 (base 2) to base 10.
1422
-d1 (base 16) to base 4
-3101
-14424 (base 9) to base 13
-4618
Convert -11410 (base 5) to base 15.
-3c0
What is 57416 (base 9) in base 3?
1221110120
Convert -3015 (base 6) to base 16.
-293
459 (base 11) to base 9
668
Convert 1292 (base 16) to base 9.
6462
2181 (base 11) to base 4
230320
What is 1cb8 (base 16) in base 12?
4308
What is -411224 (base 6) in base 8?
-77700
What is 7225 (base 9) in base 16?
14a8
1cb0 (base 15) to base 8
14140
Convert 154162 (base 7) to base 4.
13121011
Convert -4350 (base 11) to base 14.
-2142
What is 3a5d (base 16) in base 11?
10253
-30 (base 8) to base 15
-19
-120 (base 4) to base 11
-22
What is 343 (base 13) in base 15?
277
4470 (base 8) to base 7
6611
Convert -4802 (base 11) to base 2.
-1100010010110
341 (base 6) to base 4
2011
Convert b6a (base 15) to base 2.
101000001111
What is 301 (base 12) in base 16?
1b1
Convert 1330 (base 6) to base 3.
110200
-2412 (base 5) to base 9
-436
-155005 (base 8) to base 7
-321502
-60b (base 14) to base 6
-5255
Convert -652 (base 11) to base 5.
-11113
Convert 3e2 (base 15) to base 16.
377
What is -43c (base 13) in base 15?
-337
-22c (base 15) to base 3
-200020
Convert -233e (base 15) to base 3.
-101021012
-73 (base 14) to base 11
-92
Convert -13715 (base 10) to base 6.
-143255
Convert 1021 (base 7) to base 9.
437
Convert -2743 (base 9) to base 5.
-31224
What is -409 (base 16) in base 7?
-3004
46050 (base 7) to base 2
10110110110001
Convert 3062 (base 7) to base 3.
1110202
What is -575 (base 8) in base 7?
-1053
204221 (base 5) to base 15
2041
What is 1863 (base 14) in base 7?
15553
Convert -10012021 (base 3) to base 10.
-2329
What is 103111 (base 4) in base 12?
871
What is -31313 (base 6) in base 16?
-107d
4321043 (base 5) to base 2
10001111000111001
Convert 11611 (base 9) to base 12.
460a
Convert 15594 (base 10) to base 16.
3cea
What is 45089 (base 10) in base 15?
d55e
What is 1044 (base 5) in base 16?
95
Convert -38468 (base 9) to base 3.
-1022112022
1cb80 (base 14) to base 16
11f8c
2a8 (base 14) to base 12
390
-37271 (base 8) to base 4
-3322321
-2243 (base 5) to base 7
-641
-7489 (base 12) to base 16
-31e9
-8935 (base 11) to base 7
-46221
Convert -43102 (base 5) to base 6.
-21234
What is -3111 (base 4) in base 11?
-184
Convert 21106 (base 8) to base 3.
110000222
What is 8083 (base 10) in base 2?
1111110010011
112 (base 15) to base 14
134
Convert 16d1 (base 15) to base 11.
3774
-133414 (base 5) to base 7
-21663
Convert -239 (base 11) to base 15.
-13e
64866 (base 9) to base 16
a7ee
4887 (base 14) to base 3
122101000
Convert 111100101110 (base 2) to base 11.
2a13
-22322 (base 4) to base 2
-1010111010
What is a67 (base 12) in base 16?
5ef
-3336 (base 10) to base 14
-1304
Convert -21111212 (base 3) to base 10.
-5477
-a041 (base 11) to base 12
-788b
Convert 11000001001 (base 2) to base 14.
7c5
-14a27 (base 11) to base 12
-10330
Convert 13022 (base 6) to base 7.
5465
Convert -19c (base 15) to base 16.
-174
Convert 20100120 (base 3) to base 6.
33240
Convert -245d (base 15) to base 11.
-58a5
Convert b12 (base 14) to base 2.
100001111100
1231212 (base 4) to base 2
1101101100110
What is 23164 (base 7) in base 9?
8114
1b64 (base 14) to base 12
2a78
What is 4d (base 14) in base 6?
153
What is -505 (base 11) in base 12?
-42a
-1290 (base 16) to base 10
-4752
What is -28c (base 15) in base 14?
-2d8
What is -12211102 (base 3) in base 4?
-1002122
-10000100111110011 (base 2) to base 10
-68083
What is 5341 (base 11) in base 16?
1b97
1011010111011110 (base 2) to base 8
132736
12076 (base 15) to base 8
160216
-5746 (base 15) to base 10
-18516
-1398 (base 10) to base 12
-986
What is 10000101010000 (base